divided by (0 + -4)*1/a.
1
Suppose -47*u - 96 = -55*u. Suppose 5*n + 41 = -3*b + 4*b, 0 = -2*b - n + 93. Calculate the remainder when b is divided by u.
10
Let d(u) = -u**3 + 16*u**2 - 12*u + 6. Let r be d(15). Let c = -48 + r. What is the remainder when 11 is divided by c?
2
Suppose -7*m + 60 = -3*m. What is the remainder when 32 is divided by m?
2
Calculate the remainder when 1/(((-2)/(-57))/(10/15)) is divided by 10.
9
Calculate the remainder when (-1)/(-2) - (-846)/12 is divided by 15.
11
Suppose -o + 13*s - 16*s + 28 = 0, -2 = o - 3*s. Calculate the remainder when 58 is divided by o.
6
Suppose 5*t = -3*a + 70, -110 = -8*a + 3*a - 5*t. Let q(p) = 5*p**2 + 103*p - 4. Calculate the remainder when q(-21) is divided by a.
18
Let c(r) = r + 1. Let m be c(10). Let a = m - 3. What is the remainder when 54 is divided by 4/(-16) + 154/a?
16
Suppose y + 4*y + 50 = 0. Let o = 408 - 438. What is the remainder when -3*y/(-15) - o is divided by 15?
13
Let i = 201 - 167. Calculate the remainder when 56 is divided by i.
22
Suppose 527 = 5*x + 2*s - 6*s, -x + 103 = -2*s. Let v = -99 + x. What is the remainder when 23 is divided by v?
7
Suppose 0 = 2*m - 3*c - 589, 5*m + 2*c + 316 - 1779 = 0. What is the remainder when m is divided by 60?
53
Let d = -3052 + 3066. Calculate the remainder when 2/(-4) - 77/(-2) is divided by d.
10
Let y = 1 + 3. Suppose 0 = -0*o + y*o. What is the remainder when 42 is divided by (-19)/(o + -1) + 3?
20
Suppose -5*j - 2*f + 5369 = 0, -5*j + 7798 = -f + 2435. What is the remainder when j is divided by 43?
41
What is the remainder when 538 is divided by ((-14)/(-5))/((-3003)/605 - -5)?
76
Let a = 624 + -588. What is the remainder when 205 is divided by a?
25
Let f(d) = d**3 + 13*d**2 - 49*d + 19. Calculate the remainder when 66 is divided by f(-16).
31
Suppose 0 = -3*s - 4*u + 31, 2*s + 2*u - 13 = s. Let t(o) = -7*o + 40. Let k be t(7). Let j = -5 - k. Calculate the remainder when s is divided by j.
1
Let c(y) = -y + 16. Let s be c(9). Let p = -5 + s. Let w(o) = 18*o**2 + o - 1. Calculate the remainder when w(p) is divided by 25.
23
Let x be 1/(-2)*(-5 - 3). Suppose 2*u + x = 3*o - 9, 23 = 5*o - 2*u. Suppose -102 = -o*q - 2. What is the remainder when 78 is divided by q?
18
Let v = -70 - -67. Let o(p) = 6 + 4*p**2 - 3 + 4*p + 1. What is the remainder when 55 is divided by o(v)?
27
Calculate the remainder when 124 is divided by (30/(-105))/((-1)/154).
36
Let g(c) = 97*c + 1305. Calculate the remainder when g(-11) is divided by 46.
8
Suppose -6*d = 6*d - 3960. Calculate the remainder when d is divided by 14.
8
Suppose 2*y - 1791 = -1617. What is the remainder when y is divided by 25?
12
Suppose 3*j + 7 = 1. What is the remainder when (-3 - -2)*(-43 - j) is divided by 11?
8
Suppose 2 = -p - 3. Let j(s) = -5*s - 7. Let b = 16 - 6. Calculate the remainder when j(p) is divided by b.
8
Suppose -a = 3*w - 137, 0 = 4*a - 23 + 3. Calculate the remainder when w is divided by 6/10 + 864/60.
14
Let y(x) = x**3 + 13*x**2 + 31*x + 22. What is the remainder when y(-10) is divided by 7?
5
Let n(o) = -o**3 + 11*o**2 - 27*o + 122. What is the remainder when 900 is divided by n(9)?
39
Let g be 1*(3 - 3) - -5. Let n(z) = z**3 - 3*z**2 + 2*z - 10. Calculate the remainder when 98 is divided by n(g).
48
Let q = 667 - 645. Calculate the remainder when 394 is divided by q.
20
What is the remainder when (((-1)/1)/(-1))/(68/12444) is divided by 34?
13
Let a = 112 - 49. Suppose 38 = 3*i - y, 0 = -0*i - 4*i + y + 49. Calculate the remainder when a is divided by i.
8
Let j(f) = 3*f - 1. Calculate the remainder when j(10) is divided by 2.
1
Let r be 8/2*(-3)/6 + 25. Let i = 29 - r. Calculate the remainder when 20 is divided by i.
2
Let o(l) = -2*l**3 - 5*l**2 + 8*l - 8. What is the remainder when o(-5) is divided by 11/33 + (-94)/(-6)?
13
Suppose -u = -2*u - 5*r - 14, -4*u + r - 161 = 0. Let s = 51 + u. Calculate the remainder when s is divided by 9.
3
Let a(b) = 4*b**2 - 2*b + 2. What is the remainder when -1 - (-6 + 0 + -3) is divided by a(1)?
0
Suppose 2*r = 26 - 34, 0 = -5*n + 3*r + 497. What is the remainder when n is divided by 34?
29
Let v be (12/(-5))/((-6)/(-40)). Let f = v + 36. Let s = 16 - 5. What is the remainder when f is divided by s?
9
Let a(j) = 2*j**2 + 19*j + 68. Calculate the remainder when 170 is divided by a(-10).
14
Let w = 10 - 6. Let z be (292 - -6) + 2/1. Suppose 0 = 5*l - 2*s - z, w*l + 2*s - 214 = 8. What is the remainder when l is divided by 21?
16
Let v = -212 + 408. What is the remainder when v is divided by 67?
62
Let v(d) = 7*d. Let l be v(2). Suppose n = 3*n - l. Let z = 34 - 15. What is the remainder when z is divided by n?
5
Let s = -2142 - -2266. Calculate the remainder when 486 is divided by s.
114
Suppose 3*d = -12, 2*u = 3*u - 4*d - 43. Calculate the remainder when (-12)/(-21) + (-1026)/(-42) is divided by (-11)/(-2) - u/(-18).
4
Let f(n) = 25*n**2 - 197*n - 1. What is the remainder when 134 is divided by f(8)?
19
Suppose -5*w + 10*w = 15. Suppose -w*q - q = -52. Let v = q + -7. Calculate the remainder when 16 is divided by v.
4
Suppose 7 + 8 = -5*q. Let s = 25 + q. Suppose 0 = -3*k + 5*k - 126. Calculate the remainder when k is divided by s.
19
Suppose 2*f - 5*j = -126 + 497, 5*j = 3*f - 544. Calculate the remainder when f is divided by 13.
4
Let z(d) = -2 + d**2 + 6 + 4*d - 6. Let w(v) = 4*v**2 + 15*v - 7. Let l(y) = -2*w(y) + 9*z(y). Calculate the remainder when l(-8) is divided by 3.
0
Suppose 11*f - 22*f = -275. Suppose k - 114 = 59. What is the remainder when k is divided by f?
23
Let x(t) = -t**2 + 24*t - 4. Let n be x(17). Suppose 2*i = 5*g - n, -5*g + 3*i = -2*i - 130. What is the remainder when 62 is divided by g?
20
Suppose -5*o - 440 = -13*o. What is the remainder when 107 is divided by o?
52
Let z = -27 + 61. Suppose 0 = -5*w - 5*a + 185, 4*w = a + z + 129. Calculate the remainder when 119 is divided by w.
39
What is the remainder when 517 is divided by ((-19)/19)/(1/(-37))?
36
Let f = 115 + -53. Let v = f + -28. What is the remainder when v is divided by 23?
11
Let j = -1905 + 2106. What is the remainder when j is divided by 71?
59
Let t = 71 - 25. Let y be (-216)/28 + 4/(-14). Let l = 20 + y. Calculate the remainder when t is divided by l.
10
Suppose 677 = 2*g - 5*i, 1419 = -7*g + 11*g + 3*i. Calculate the remainder when g is divided by 51.
45
Let d = -11 + 12. Let k be (4 - 4)*d/3. Suppose i + 4 - 5 = k. Calculate the remainder when i is divided by 1.
0
Let i = -59 + 82. Suppose i = 5*g - 17. Calculate the remainder when 19 is divided by g.
3
Let y(x) = x**2 - 12*x + 13. Let j be y(10). Let n(f) = -f**3 - 8*f**2 - 8*f + 9. Calculate the remainder when 63 is divided by n(j).
15
Let h(x) = 2*x**2 + 2*x - 2. Suppose 9*s + 12 = 3*s. Let f = 8 + s. Calculate the remainder when h(2) is divided by f.
4
Suppose -3*t - 19 = -4*v, 4 = -t + 3*v + 1. Let h(x) = x**2 + 10*x + 8. Let l be h(t). What is the remainder when 7 is divided by 5 - 5 - 2/l?
1
Let l(r) = 3*r + 30. Let z be l(-8). Let m(b) = 5*b**2 - 13. Calculate the remainder when m(z) is divided by 12.
11
Let i(a) = 2*a**3 + 11*a**2 + 3*a - 7. Let y be i(-5). Suppose 5*g - 350 = -2*w - y*w, 4*w = 2*g - 164. Calculate the remainder when g is divided by 11.
8
Suppose -5*f + 5*v + 64 = 249, f + 2*v + 37 = 0. Let c = -22 - f. Let i = 2260 + -2231. Calculate the remainder when i is divided by c.
14
Let n(o) = -o**3 + 10*o**2 + 4. What is the remainder when n(5) is divided by 19?
15
Suppose 5*b = -2*j + 7*b + 128, 2*b = -4*j + 274. Calculate the remainder when 264 is divided by j.
63
Let i = 82 - 161. Let n = i - -122. What is the remainder when n is divided by 11?
10
Suppose 40 = 5*n - 4*j - j, n = 3*j + 18. Suppose 4*u = n*s - 0*s - 2, 0 = 4*s - 4*u - 4. What is the remainder when s is divided by 1?
0
Suppose 0 = -2*l + d + 95, -5*d - 160 = -5*l + 2*l. Suppose -5*c + 66 = 11. Suppose -6*q - l = -c*q. What is the remainder when 44 is divided by q?
8
Let q = 200 + -169. Calculate the remainder when q is divided by 8.
7
Suppose 27 = 5*k - 8. Let a be (11/(-33))/((-2)/30). Suppose -2*f + 11 - 36 = -y, -f + 92 = a*y. Calculate the remainder when y is divided by k.
5
Let s = -67 + 31. Let c be -3*(2 + 176/(-6)). Let i = c + s. Calculate the remainder when i is divid